 u be (-14)/49 + -40*15/(-42). Let l(p) = p**3 - 12*p**2 - 20*p - 10. Let n be l(u). Suppose 2*j = -n + 348. What are the prime factors of j?
3, 41
Let g be (16 - 11)*(-4)/(-10). Suppose -48 = g*u - 166. List the prime factors of u.
59
Suppose 123*g + b = 121*g + 23011, 2*g + 3*b - 23017 = 0. What are the prime factors of g?
2, 719
List the prime factors of (-224)/12*(-18600)/217.
2, 5
Let y(l) = 22*l + 4. Let u(a) = 5*a**2 - 56*a - 49. Let d(m) = -3*m**2 + 37*m + 33. Let s(k) = 8*d(k) + 5*u(k). Let n be s(-15). List the prime factors of y(n).
2, 23
Let m(d) be the first derivative of -11*d**2 + 3*d + 2. Let f be (14 + 0)/(-7)*(-6 - -7). List the prime factors of m(f).
47
Suppose 5*d = -16*d + 10458. What are the prime factors of (-3 + d/24)/(1/20)?
5, 71
Suppose 23*k - 13*k = 20. What are the prime factors of (-7 - 5)*k*(-422)/16?
3, 211
Let y(o) be the first derivative of 17*o**2 - 5*o + 5. What are the prime factors of y(4)?
131
Let l be (-329544)/(-153) + 2/17. Suppose 126*i - l = 120*i. What are the prime factors of i?
359
Suppose -a + 12870 = -2*v, 18*v - 23*v = -3*a + 38604. List the prime factors of a.
2, 3, 2143
List the prime factors of 5*(33/(-15) + 1) + (-271353)/(-87).
11, 283
Let w = 1077 - 663. Suppose w = 108*i - 105*i. List the prime factors of i.
2, 3, 23
Let q = -85 - -93. Suppose a - 3*y - 2*y = 12, a + q = -5*y. Suppose -4*b + 254 = -a*b. List the prime factors of b.
127
What are the prime factors of (1096/(-24))/(4/564*-1)?
47, 137
Let c(s) = 9299*s - 115. List the prime factors of c(1).
2, 7, 41
Let q(z) = -12*z + 7. Let l be q(-2). Suppose b - l = -2*w + 6*b, -4*b = w - 35. Let p = w - 7. What are the prime factors of p?
2
Let y be (((-225)/(-20))/(-15))/((-4)/16). Let o(b) = -2*b + 8. Let h be o(6). List the prime factors of 2/y*(-18)/h.
3
Let o(j) be the third derivative of 0 - 18*j**2 - 11/12*j**4 + 5*j**3 + 0*j. List the prime factors of o(-9).
2, 3, 19
What are the prime factors of ((-335)/25 - ((-8)/(-5))/(-4))*-149?
13, 149
Let k = -7 + -60. Let g = k + 101. Suppose g*c - 35*c = -135. List the prime factors of c.
3, 5
Let c = -218 + 387. Suppose -c = -4*r + 199. Suppose -4*j + r = -256. List the prime factors of j.
3, 29
Let n be 39*7/(-14)*(-92)/6. Let l = n + -25. What are the prime factors of l?
2, 137
Let t(l) = -1368*l + 2581. What are the prime factors of t(-15)?
13, 1777
Let s(k) = k**3 + 9*k**2 - 13*k + 16. Let y(b) = -2*b**2 + 3*b - 5. Let g be y(5). Let u = -50 - g. List the prime factors of s(u).
2, 23
Let x = 1 - -26. Let s be (-26)/20*-2 - x/45. List the prime factors of ((-14)/(-6))/(s/36).
2, 3, 7
Suppose -3*t = -v, -t - 2*v + 11 = 4*t. Let l be 2 + t + 12 + 265. Suppose -u = -5*u + l. What are the prime factors of u?
2, 5, 7
Let j = 280 + -440. List the prime factors of 864*(j/(-15))/8.
2, 3
List the prime factors of -5 + (189 - (-5 + (-3 - -7))).
5, 37
Let v be -10 - -1 - (-48 - -39). Let u = 1 - -2. Suppose -2*h - f + 250 = v, 0 = h + 4*h + u*f - 624. What are the prime factors of h?
2, 3, 7
Suppose -16*l - 7680 = -544. Let j = l - -1812. What are the prime factors of j?
2, 683
Let t be (-2)/3*(-72)/((-84)/(-7)). Let q(z) = -z**2 - 5*z. Let l be q(-5). Suppose -h + 62 = -5*k, 4*h + 3*k - t*k - 286 = l. List the prime factors of h.
2, 3
Suppose -3*l = -4*a - 1745, 3*l - 1306 - 459 = -a. Let m = l - 289. What are the prime factors of m?
2, 149
Suppose -288857 = -18*d - 30917. List the prime factors of ((-38)/95)/((-4)/d).
1433
Let u be -1 + (0 - (-2 - 220)). Let t = -360 - -279. Let w = u + t. What are the prime factors of w?
2, 5, 7
Let q = -388 + 580. What are the prime factors of (12 + 0)*828/q*4?
3, 23
Let u(j) = -j**3 + 40*j**2 + 41*j - 4. Let p be u(41). Suppose 0 = -3*w - 65 - 37. Let l = p - w. List the prime factors of l.
2, 3, 5
Suppose 15606 = 2*f + 2484. List the prime factors of f.
3
Let t(r) = -r**2 - 10*r - 18. Let m = -94 + 91. Let f be t(m). Suppose 10*d = 3*y + 13*d - 255, -d = f*y - 263. List the prime factors of y.
89
Suppose -s - o = -2*o - 77, 395 = 5*s + 5*o. Let g = -328 + 333. Suppose g*l - s = 377. List the prime factors of l.
7, 13
Suppose -2*l + 12131 + 3523 = 0. What are the prime factors of l?
3, 2609
Let q be -36*((-612)/16 + 0). Let f = q + -758. List the prime factors of f.
619
Let p be -2*49/(-10) + 7/35. Suppose -5*n = 5*u - 1110, -u + p = u. Suppose -n = -4*r - 5. What are the prime factors of r?
53
What are the prime factors of 21597 + (-3)/(-9) + 3/(-45)*-25?
21599
Let n be ((-12)/21)/(6/(-105)). Suppose 1332 = -n*i + 9332. List the prime factors of i.
2, 5
Let t(g) = 108*g**2 + 141*g + 83. List the prime factors of t(17).
2, 8423
Suppose 0 = -2*j + 10, 185 = -r + 3*r + 5*j. Let h = 425 - r. List the prime factors of h.
3, 5, 23
Let f(m) be the third derivative of -m**4/3 - 15*m**2. Let q be f(3). Let u = 163 + q. List the prime factors of u.
139
Let u(o) = -4*o**2 + 74*o + 41. Let a be u(19). Suppose f - 345 = 5*d, -a*d - d + 959 = 3*f. What are the prime factors of f?
5, 13
Suppose 0 = -58*b + 71*b - 308347. List the prime factors of b.
23719
Suppose -4*r + 5*k + 35043 = 0, 2*r - 8363 - 9163 = -2*k. What are the prime factors of r?
2, 13, 337
Let p(g) = 185*g + 344. Let k(h) = -37*h - 69. Let o(m) = -11*k(m) - 2*p(m). List the prime factors of o(5).
2
Suppose -2*h + 2*b + 4058 = 0, 0 = 100*h - 99*h + b - 2041. List the prime factors of h.
5, 11, 37
Let x(r) = 2548*r + 173. What are the prime factors of x(2)?
11, 479
Let h(s) = -s**3 - s**2 + s + 3. Let v be h(0). Suppose 0 = 3*j + 3*p - 4*p - 1336, -v*j + 1316 = 4*p. List the prime factors of j.
2, 3, 37
Let h = 6 + -6. Suppose 5*u + 2*u - 49 = h. Let b = 48 - u. List the prime factors of b.
41
Let f be 2/4 - ((-658680)/16)/15. Suppose -19*d + f = -14*d. What are the prime factors of d?
3, 61
What are the prime factors of (-296565)/(-20) + -16 + 2/(-8) + 1?
14813
List the prime factors of (-138)/(-28 + 5) + (2793 - 1).
2, 1399
Suppose a = -3*g + 5, 4*g + 0*g = 0. Suppose 3*w - i - 3 + 6 = 0, a*i + 5 = -5*w. List the prime factors of 10*((-100)/8)/w.
5
Let w = -7 - 3497. Let o be (1/2)/(-4*6/w). Suppose 4*c - o = -q, -q = q - 4*c - 170. What are the prime factors of q?
3
Let z(v) = v**2 - 3*v - 4. Let m be z(0). Let i(t) = 10*t**2 - 9*t - 8. Let p be i(m). Suppose -4*j + p = -240. What are the prime factors of j?
107
Suppose y + 27*n - 29504 = 30*n, -n + 117990 = 4*y. What are the prime factors of y?
2, 7, 43
Let g be 8/104 - 1504/(-52). Suppose 27 - 10 = m. Let q = g + m. List the prime factors of q.
2, 23
Suppose -11*l + 58006 = -5013. What are the prime factors of l?
17, 337
Let w = 10936 + 17724. List the prime factors of w.
2, 5, 1433
Suppose 5*q - 3*y - 16987 = 0, -q - 11*y = q - 6807. List the prime factors of q.
2, 1699
Let b be 26*(-268)/8*1. Let u = b + 1731. What are the prime factors of u?
2, 5, 43
Suppose b - 10 = -8. Suppose -b*z + 3*z = 24. List the prime factors of z.
2, 3
Let v(i) = -4*i + 40. Let o be v(9). Suppose o*y = 5*m + 397, 5*y - 7*m = -9*m + 455. List the prime factors of y.
3, 31
Let w = 17 + 1. List the prime factors of 6/4*8292/w.
691
Let k be ((-2 - -2)/(-2))/(-4 - -6). List the prime factors of (-2 - -283)*(k + 1).
281
Let y(m) = -160*m + 3569. List the prime factors of y(-31).
3, 2843
Let r = -1239 - -3198. List the prime factors of r.
3, 653
Let y(c) = c**3 + 30*c**2 + 30*c + 23. Let w be y(-29). List the prime factors of (-92*w/4)/(4/2).
3, 23
Let c be (-25675)/10*(-20)/25. Let a be c/(-14) - (-20)/(-70). List the prime factors of 14/(-4)*756/a.
2, 3
Let v(l) = 12*l**2 - 8*l - 33. Suppose 4*u = -5*g - u - 20, 0 = -4*g - 2*u - 14. List the prime factors of v(g).
3, 11
Suppose 24*d - 9*d = -2895. Let o = d - -983. What are the prime factors of o?
2, 5, 79
Suppose r = 10*r - 36. Suppose r*h - 607 = 5*p, -3*p - 2*p + 617 = 4*h. What are the prime factors of h?
3, 17
Suppose 2*h - 24174 = -z, h - 72530 = -3*z - 3*h. What are the prime factors of z?
2, 107, 113
Let k = -53 + 29. Let s be 26/130 + k/(-5). What are the prime factors of 473/s - 62/(-155)?
5, 19
Suppose 11 = -3*w + q, 3*w + q + 16 = -3*q. Let c be (-1 - 1)/w*(-101 + 107). Suppose -c*i + 751 + 65 = 0. List the prime factors of i.
2, 17
Let t = -44628 + 85791. What are the prime factors of t?
3, 13721
Suppose -3*t 